{"id":135,"date":"2026-04-16T09:37:50","date_gmt":"2026-04-16T09:37:50","guid":{"rendered":"https:\/\/constantin-weber.de\/?page_id=135"},"modified":"2026-04-17T18:12:32","modified_gmt":"2026-04-17T18:12:32","slug":"heim-2","status":"publish","type":"page","link":"https:\/\/constantin-weber.de\/","title":{"rendered":"Heim 2"},"content":{"rendered":"\n<div class=\"wp-block-group alignfull has-global-padding is-layout-constrained wp-container-core-group-is-layout-ee4f8a1e wp-block-group-is-layout-constrained has-background\" style=\"min-height:112vh;margin-top:-165px;margin-bottom:-165px;padding-right:var(--wp--preset--spacing--60);padding-left:var(--wp--preset--spacing--60);background-image:url(&apos;https:\/\/constantin-weber.de\/wp-content\/uploads\/2026\/04\/bg-frieda.jpg&apos;);background-position:22% 82%;background-size:cover;\">\n<div style=\"height:45vh\" aria-hidden=\"true\" class=\"wp-block-spacer\"><\/div>\n\n\n\n<div class=\"wp-block-group alignwide is-layout-flow wp-block-group-is-layout-flow\" style=\"padding-right:0;padding-left:0\">\n<h2 class=\"wp-block-heading has-accent-4-color has-text-color has-link-color has-large-font-size wp-elements-37b8cb7591a17d333fe388bda83ff4b8\">Text. Content. Beratung.<\/h2>\n\n\n\n<h1 class=\"wp-block-heading alignwide is-style-text-display is-style-text-display--1\" style=\"padding-top:var(--wp--preset--spacing--20);padding-right:0;padding-bottom:var(--wp--preset--spacing--20);padding-left:0;font-size:clamp(27.894px, 1.743rem + ((1vw - 3.2px) * 1.971), 48px);line-height:1.1\"><strong>Klare Kommunikation<br>f\u00fcr Unternehmen.<\/strong><\/h1>\n\n\n\n<p>Ich helfe Unternehmen, ihre interne Kommunikation so zu strukturieren, <br>dass Entscheidungen schneller getroffen und Fehler reduziert werden.<br><\/p>\n\n\n\n<div class=\"wp-block-buttons is-layout-flex wp-block-buttons-is-layout-flex\">\n<div class=\"wp-block-button\"><a class=\"wp-block-button__link wp-element-button\" href=\"\/#kontakt\"><strong>E<\/strong>rstgespr\u00e4ch vereinbaren<\/a><\/div>\n<\/div>\n<\/div>\n<\/div>\n\n\n\n<div style=\"height:144px\" aria-hidden=\"true\" class=\"wp-block-spacer\"><\/div>\n\n\n\n<div class=\"wp-block-cover alignfull is-light has-custom-content-position is-position-center-right wp-duotone-unset-3\" style=\"margin-top:0;margin-bottom:0;padding-top:var(--wp--preset--spacing--50);padding-right:var(--wp--preset--spacing--80);padding-bottom:var(--wp--preset--spacing--50);padding-left:var(--wp--preset--spacing--80);min-height:1191px;aspect-ratio:unset;\" id=\"real\"><img loading=\"lazy\" decoding=\"async\" width=\"1393\" height=\"761\" class=\"wp-block-cover__image-background wp-image-173 size-full\" alt=\"\" src=\"https:\/\/constantin-weber.de\/wp-content\/uploads\/2026\/04\/eine_nuss.jpg\" style=\"object-position:47% 100%\" data-object-fit=\"cover\" data-object-position=\"47% 100%\" srcset=\"https:\/\/constantin-weber.de\/wp-content\/uploads\/2026\/04\/eine_nuss.jpg 1393w, https:\/\/constantin-weber.de\/wp-content\/uploads\/2026\/04\/eine_nuss-300x164.jpg 300w, https:\/\/constantin-weber.de\/wp-content\/uploads\/2026\/04\/eine_nuss-1024x559.jpg 1024w, https:\/\/constantin-weber.de\/wp-content\/uploads\/2026\/04\/eine_nuss-768x420.jpg 768w\" sizes=\"auto, (max-width: 1393px) 100vw, 1393px\" \/><span aria-hidden=\"true\" class=\"wp-block-cover__background has-background-dim-0 has-background-dim\" style=\"background-color:#f2f1ee\"><\/span><div class=\"wp-block-cover__inner-container has-global-padding is-layout-constrained wp-container-core-cover-is-layout-da6b7ce8 wp-block-cover-is-layout-constrained\">\n<div class=\"wp-block-group has-contrast-color has-text-color has-link-color wp-elements-ba7e1755e39da0a3deb43b2eda2d3faf is-layout-flow wp-container-core-group-is-layout-ec37bf24 wp-block-group-is-layout-flow\" style=\"border-style:none;border-width:0px;padding-top:0em;padding-right:0em;padding-bottom:0em;padding-left:0em\">\n<h3 class=\"wp-block-heading has-xx-large-font-size\"><strong>Die Realit\u00e4t<\/strong><\/h3>\n\n\n\n<h3 class=\"wp-block-heading has-x-large-font-size\">In den meisten Unternehmen scheitert es nicht an Kompetenz. Sondern an Kommunikation.<br><\/h3>\n\n\n\n<p>Typische Symptome:<\/p>\n\n\n\n<ul class=\"wp-block-list has-large-font-size\">\n<li class=\"has-medium-font-size\">Informationen gehen verloren oder kommen zu sp\u00e4t an<\/li>\n\n\n\n<li class=\"has-medium-font-size\">Entscheidungen dauern unn\u00f6tig lange<\/li>\n\n\n\n<li class=\"has-medium-font-size\">Missverst\u00e4ndnisse f\u00fchren zu Fehlern<\/li>\n\n\n\n<li class=\"has-medium-font-size\">Teams arbeiten aneinander vorbei<\/li>\n<\/ul>\n\n\n\n<p class=\"has-large-font-size\"><br>\u27a9 <strong>Das kostet Zeit, Geld und Nerven.<\/strong><\/p>\n<\/div>\n<\/div><\/div>\n\n\n\n<div class=\"wp-block-group alignfull has-background has-global-padding is-layout-constrained wp-container-core-group-is-layout-4651deb1 wp-block-group-is-layout-constrained\" id=\"leistungen\" style=\"background-color:#fbfbfb;margin-top:0;margin-bottom:0;padding-top:var(--wp--preset--spacing--70);padding-bottom:var(--wp--preset--spacing--70)\">\n<div class=\"wp-block-columns alignwide is-layout-flex wp-container-core-columns-is-layout-08a2a807 wp-block-columns-is-layout-flex\">\n<div class=\"wp-block-column is-vertically-aligned-center is-layout-flow wp-block-column-is-layout-flow\">\n<h3 class=\"wp-block-heading is-style-default has-xx-large-font-size\"><strong>Leistungen<\/strong><\/h3>\n\n\n\n<p class=\"has-x-large-font-size\">Ich unterst\u00fctze Unternehmen dabei, ihre interne Kommunikation klar und funktional zu gestalten.<br><\/p>\n\n\n\n<p>Das bringt viele Vorteile \u00fcber alle Bereiche hinweg:<\/p>\n\n\n\n<ul class=\"wp-block-list\">\n<li>Reduktion von unn\u00f6tiger Komplexit\u00e4t<\/li>\n\n\n\n<li>Mitarbeitende, die wissen, was Sache ist<\/li>\n\n\n\n<li>Strukturierung von Entscheidungs- und Kommunikationsprozessen<\/li>\n\n\n\n<li>Klarere Formulierung von Verantwortlichkeiten<\/li>\n<\/ul>\n<\/div>\n\n\n\n<div class=\"wp-block-column is-vertically-aligned-center is-layout-flow wp-block-column-is-layout-flow\">\n<figure class=\"wp-block-image size-full\"><img loading=\"lazy\" decoding=\"async\" width=\"600\" height=\"744\" src=\"https:\/\/constantin-weber.de\/wp-content\/uploads\/2026\/04\/buch.jpg\" alt=\"\" class=\"wp-image-76\" srcset=\"https:\/\/constantin-weber.de\/wp-content\/uploads\/2026\/04\/buch.jpg 600w, https:\/\/constantin-weber.de\/wp-content\/uploads\/2026\/04\/buch-242x300.jpg 242w\" sizes=\"auto, (max-width: 600px) 100vw, 600px\" \/><\/figure>\n<\/div>\n<\/div>\n<\/div>\n\n\n\n<div style=\"height:119px\" aria-hidden=\"true\" class=\"wp-block-spacer\"><\/div>\n\n\n\n<div class=\"wp-block-group alignwide has-accent-2-background-color has-background has-global-padding is-layout-constrained wp-container-core-group-is-layout-669513ed wp-block-group-is-layout-constrained\" id=\"ergebnis\" style=\"margin-top:0;margin-bottom:0;padding-top:var(--wp--preset--spacing--50);padding-right:var(--wp--preset--spacing--50);padding-bottom:var(--wp--preset--spacing--50);padding-left:var(--wp--preset--spacing--50)\">\n<div class=\"wp-block-columns alignwide is-layout-flex wp-container-core-columns-is-layout-28f84493 wp-block-columns-is-layout-flex\">\n<div class=\"wp-block-column is-layout-flow wp-block-column-is-layout-flow\" style=\"flex-basis:50%\">\n<h3 class=\"wp-block-heading has-xx-large-font-size\"><strong>Das Ergebnis<\/strong><\/h3>\n<\/div>\n\n\n\n<div class=\"wp-block-column is-layout-flow wp-block-column-is-layout-flow\" style=\"flex-basis:50%\">\n<ul class=\"wp-block-list is-style-checkmark-list\">\n<li style=\"font-size:clamp(0.929rem, 0.929rem + ((1vw - 0.2rem) * 0.739), 1.4rem);\">Weniger Abstimmungsaufwand<\/li>\n\n\n\n<li style=\"font-size:clamp(0.929rem, 0.929rem + ((1vw - 0.2rem) * 0.739), 1.4rem);\">Schnellere Entscheidungen<\/li>\n\n\n\n<li style=\"font-size:clamp(0.929rem, 0.929rem + ((1vw - 0.2rem) * 0.739), 1.4rem);\">Weniger Fehler durch Missverst\u00e4ndnisse<\/li>\n\n\n\n<li style=\"font-size:clamp(0.929rem, 0.929rem + ((1vw - 0.2rem) * 0.739), 1.4rem);\">Klarere Verantwortlichkeiten<\/li>\n\n\n\n<li style=\"font-size:clamp(0.929rem, 0.929rem + ((1vw - 0.2rem) * 0.739), 1.4rem);\">Zufriedenere Kolleginnen und Kollegen<\/li>\n<\/ul>\n<\/div>\n<\/div>\n\n\n\n<div class=\"wp-block-group alignfull is-content-justification-center is-nowrap is-layout-flex wp-container-core-group-is-layout-63f53827 wp-block-group-is-layout-flex\" style=\"padding-right:var(--wp--preset--spacing--20);padding-left:var(--wp--preset--spacing--20)\">\n<figure class=\"wp-block-image size-full is-style-default wp-container-content-962be591\" style=\"margin-top:0px;margin-bottom:0px\"><img loading=\"lazy\" decoding=\"async\" width=\"512\" height=\"512\" src=\"https:\/\/constantin-weber.de\/wp-content\/uploads\/2026\/04\/waves-1.png\" alt=\"\" class=\"wp-image-188\" srcset=\"https:\/\/constantin-weber.de\/wp-content\/uploads\/2026\/04\/waves-1.png 512w, https:\/\/constantin-weber.de\/wp-content\/uploads\/2026\/04\/waves-1-300x300.png 300w, https:\/\/constantin-weber.de\/wp-content\/uploads\/2026\/04\/waves-1-150x150.png 150w\" sizes=\"auto, (max-width: 512px) 100vw, 512px\" \/><\/figure>\n\n\n\n<p class=\"has-text-align-left is-style-default has-x-large-font-size\">Kurz gesagt: <br><strong>Ihr Unternehmen funktioniert effizienter.<\/strong><\/p>\n<\/div>\n<\/div>\n\n\n\n<div style=\"height:119px\" aria-hidden=\"true\" class=\"wp-block-spacer\"><\/div>\n\n\n\n<div class=\"wp-block-group alignfull has-background has-global-padding is-layout-constrained wp-container-core-group-is-layout-4651deb1 wp-block-group-is-layout-constrained\" id=\"leistungen\" style=\"background-color:#fbfbfb;margin-top:0;margin-bottom:0;padding-top:var(--wp--preset--spacing--70);padding-bottom:var(--wp--preset--spacing--70)\">\n<div class=\"wp-block-columns alignwide is-layout-flex wp-container-core-columns-is-layout-08a2a807 wp-block-columns-is-layout-flex\">\n<div class=\"wp-block-column is-vertically-aligned-center is-layout-flow wp-block-column-is-layout-flow\">\n<figure class=\"wp-block-image size-full\"><img loading=\"lazy\" decoding=\"async\" width=\"600\" height=\"901\" src=\"https:\/\/constantin-weber.de\/wp-content\/uploads\/2026\/04\/case2.jpg\" alt=\"\" class=\"wp-image-214\" srcset=\"https:\/\/constantin-weber.de\/wp-content\/uploads\/2026\/04\/case2.jpg 600w, https:\/\/constantin-weber.de\/wp-content\/uploads\/2026\/04\/case2-200x300.jpg 200w\" sizes=\"auto, (max-width: 600px) 100vw, 600px\" \/><\/figure>\n<\/div>\n\n\n\n<div class=\"wp-block-column is-vertically-aligned-center is-layout-flow wp-block-column-is-layout-flow\">\n<h3 class=\"wp-block-heading is-style-default has-xx-large-font-size\"><strong>Ein Beispiel<\/strong><\/h3>\n\n\n\n<p class=\"is-style-text-subtitle has-accent-2-color has-text-color has-link-color has-x-large-font-size wp-elements-81b11282c4bc89a8a600f2547a7940b5 is-style-text-subtitle--4\"><strong>Verwaistes Web-Magazin wird zum Informationshub<\/strong><\/p>\n\n\n\n<p class=\"has-accent-4-color has-text-color has-link-color has-medium-font-size wp-elements-8729edf05a26453d630381adce8daa2a\">Kunde: internationales Unternehmen, Produktion<br>Projekt: Onlinemagazin f\u00fcr Mitarbeitende<\/p>\n\n\n\n<hr class=\"wp-block-separator has-alpha-channel-opacity\"\/>\n\n\n\n<p class=\"has-medium-font-size\">Der Kunde bat mich, seine interne Kommunikation zu \u00fcberarbeiten. Es ging dabei um ein Magazin im Web-Format.<\/p>\n\n\n\n<p class=\"has-medium-font-size\">Durch fortw\u00e4hrend erscheinende Beitr\u00e4ge soll die Belegschaft \u00fcber neueste Produktentwicklungen und Unternehmensnews informiert werden.<\/p>\n\n\n\n<p class=\"has-medium-font-size\">Die Plattform war da und auch schon die Inhalte. Gelesen hat das allerdings kaum jemand. So blieben wichtige Ank\u00fcndigungen ungeh\u00f6rt und den aktuellsten Coup aus der R&amp;D-Abteilung kannte nur das direkte Umfeld.<\/p>\n\n\n\n<p class=\"has-medium-font-size\">Nach grundlegender Neuausrichtung und mit frischen Texten hat der Kunde jetzt eine echte Infozentrale. <br><\/p>\n\n\n\n<p class=\"has-medium-font-size\"><strong>Das hat der Auftraggeber gewonnen:<\/strong><\/p>\n\n\n\n<ul class=\"wp-block-list is-style-checkmark-list has-medium-font-size\">\n<li><strong>schnelle Verbreitung von News, Produktentwicklungen, Interna<\/strong><\/li>\n\n\n\n<li><strong>journalistische Qualit\u00e4t der Beitr\u00e4ge<\/strong><\/li>\n\n\n\n<li><strong>authentische, hochwertige Informationen mit echtem Mehrwert f\u00fcr die Mitarbeitenden<\/strong><\/li>\n<\/ul>\n\n\n\n<p class=\"has-medium-font-size\"><strong>\u27a9 Die Folge<\/strong> <strong>sind<\/strong><br><strong>informierte Kolleginnen und Kollegen,sp\u00fcrbar verbesserte Kooperationsbereitschaft und dadurch schlankere Prozesse<\/strong>.<\/p>\n<\/div>\n<\/div>\n<\/div>\n\n\n\n<div class=\"wp-block-cover alignfull is-light has-custom-content-position is-position-center-left\" style=\"padding-right:var(--wp--preset--spacing--80);padding-left:var(--wp--preset--spacing--80);min-height:100vh;aspect-ratio:unset;\" id=\"about\"><img loading=\"lazy\" decoding=\"async\" width=\"2000\" height=\"1500\" class=\"wp-block-cover__image-background wp-image-37 size-full\" alt=\"\" src=\"https:\/\/constantin-weber.de\/wp-content\/uploads\/2026\/04\/bg-about.jpg\" style=\"object-position:60% 87%\" data-object-fit=\"cover\" data-object-position=\"60% 87%\" srcset=\"https:\/\/constantin-weber.de\/wp-content\/uploads\/2026\/04\/bg-about.jpg 2000w, https:\/\/constantin-weber.de\/wp-content\/uploads\/2026\/04\/bg-about-300x225.jpg 300w, https:\/\/constantin-weber.de\/wp-content\/uploads\/2026\/04\/bg-about-1024x768.jpg 1024w, https:\/\/constantin-weber.de\/wp-content\/uploads\/2026\/04\/bg-about-768x576.jpg 768w, https:\/\/constantin-weber.de\/wp-content\/uploads\/2026\/04\/bg-about-1536x1152.jpg 1536w\" sizes=\"auto, (max-width: 2000px) 100vw, 2000px\" \/><span aria-hidden=\"true\" class=\"wp-block-cover__background has-background-dim-0 has-background-dim\" style=\"background-color:#fafafa\"><\/span><div class=\"wp-block-cover__inner-container has-global-padding is-layout-constrained wp-container-core-cover-is-layout-caa2d89a wp-block-cover-is-layout-constrained\">\n<div class=\"wp-block-columns is-layout-flex wp-container-core-columns-is-layout-2d7698b3 wp-block-columns-is-layout-flex\" style=\"padding-right:0;padding-left:0\">\n<div class=\"wp-block-column is-layout-flow wp-block-column-is-layout-flow\" style=\"padding-right:var(--wp--preset--spacing--60);padding-left:var(--wp--preset--spacing--60);flex-basis:80%\">\n<h3 class=\"wp-block-heading has-text-align-center has-xx-large-font-size\"><strong>\u00dcber mich<\/strong><\/h3>\n\n\n\n<p>Ich bin Constantin Weber und arbeite an der Schnittstelle von Sprache, Struktur und Organisation.<\/p>\n\n\n\n<p>Mein Fokus liegt darauf, Kommunikation so zu gestalten, dass sie im Alltag funktioniert \u2013 nicht nur gut klingt.<\/p>\n<\/div>\n<\/div>\n<\/div><\/div>\n\n\n\n<div class=\"wp-block-group alignfull has-global-padding is-layout-constrained wp-container-core-group-is-layout-08655630 wp-block-group-is-layout-constrained\" id=\"kontakt\" style=\"margin-top:0;margin-bottom:0;padding-top:var(--wp--preset--spacing--80);padding-bottom:var(--wp--preset--spacing--80)\">\n<div class=\"wp-block-group alignwide is-layout-flow wp-block-group-is-layout-flow\">\n<h2 class=\"wp-block-heading has-text-align-center is-style-text-display has-xx-large-font-size is-style-text-display--5\"><strong>Kontakt<\/strong><\/h2>\n\n\n\n<p class=\"has-text-align-center has-medium-font-size\">Dr. Constantin Weber<br>Waldparkstra\u00dfe 28<br>68163 Mannheim<br><br><a href=\"https:\/\/web.archive.org\/web\/20201025192956\/mailto:text@constantin-weber.de\">text@constantin-weber.de<\/a><br>+49.621.43 74 83 77<br>+49.172.32 14 472<\/p>\n\n\n\n<div class=\"wp-block-buttons is-content-justification-center is-layout-flex wp-container-core-buttons-is-layout-a89b3969 wp-block-buttons-is-layout-flex\">\n<div class=\"wp-block-button has-custom-width wp-block-button__width-50 is-style-fill\"><a class=\"wp-block-button__link has-contrast-color has-accent-2-background-color has-text-color has-background has-link-color has-medium-font-size has-custom-font-size wp-element-button\" href=\"mailto:text@constantin-weber.de\" style=\"padding-right:0;padding-left:0\"><strong>Erstgespr\u00e4ch vereinbaren<\/strong><\/a><\/div>\n<\/div>\n<\/div>\n<\/div>\n","protected":false},"excerpt":{"rendered":"<p>Text. Content. Beratung. Klare Kommunikationf\u00fcr Unternehmen. Ich helfe Unternehmen, ihre interne Kommunikation so zu strukturieren, dass Entscheidungen schneller getroffen und Fehler reduziert werden. Leistungen Ich unterst\u00fctze Unternehmen dabei, ihre interne Kommunikation klar und funktional zu gestalten. Das bringt viele Vorteile \u00fcber alle Bereiche hinweg: Das Ergebnis Kurz gesagt: Ihr Unternehmen funktioniert effizienter. Ein Beispiel Verwaistes [&hellip;]<\/p>\n","protected":false},"author":2,"featured_media":0,"parent":0,"menu_order":0,"comment_status":"closed","ping_status":"closed","template":"page-no-title","meta":{"footnotes":""},"class_list":["post-135","page","type-page","status-publish","hentry"],"_links":{"self":[{"href":"https:\/\/constantin-weber.de\/index.php\/wp-json\/wp\/v2\/pages\/135","targetHints":{"allow":["GET"]}}],"collection":[{"href":"https:\/\/constantin-weber.de\/index.php\/wp-json\/wp\/v2\/pages"}],"about":[{"href":"https:\/\/constantin-weber.de\/index.php\/wp-json\/wp\/v2\/types\/page"}],"author":[{"embeddable":true,"href":"https:\/\/constantin-weber.de\/index.php\/wp-json\/wp\/v2\/users\/2"}],"replies":[{"embeddable":true,"href":"https:\/\/constantin-weber.de\/index.php\/wp-json\/wp\/v2\/comments?post=135"}],"version-history":[{"count":76,"href":"https:\/\/constantin-weber.de\/index.php\/wp-json\/wp\/v2\/pages\/135\/revisions"}],"predecessor-version":[{"id":234,"href":"https:\/\/constantin-weber.de\/index.php\/wp-json\/wp\/v2\/pages\/135\/revisions\/234"}],"wp:attachment":[{"href":"https:\/\/constantin-weber.de\/index.php\/wp-json\/wp\/v2\/media?parent=135"}],"curies":[{"name":"wp","href":"https:\/\/api.w.org\/{rel}","templated":true}]}}